 hundreds digit of p?
1
Let j be -3*1/(-3)*3. Suppose 0 = 2*x + 2*m + 6, 2*m + 3*m = j*x - 31. Suppose -k - 4 = -x*k. What is the units digit of k?
4
Let j be 0/(1/(4/4)). Let q be (-38)/3 + (-4)/(-6). Let d = j - q. What is the tens digit of d?
1
Let b(m) = 2*m**2 + 5*m + 14. What is the hundreds digit of b(6)?
1
What is the hundreds digit of -160*((-6)/(-2) - 4)?
1
Let u(v) = -38*v**3 + v. What is the units digit of u(-1)?
7
Let t(a) = a**2 - 6*a + 16. What is the tens digit of t(12)?
8
Suppose -4 = 4*d, -d + 42 = -3*i + 4*i. What is the units digit of i?
3
What is the hundreds digit of 11/((-44)/(-624)) - (-8 + 5)?
1
Let w = -8 - -4. Let f be w + 1 + -1 + -2. Let k(m) = m**3 + 5*m**2 - 7*m + 2. What is the units digit of k(f)?
8
Suppose 0 = -6*a + 2*a + 2*g - 186, 2*g = -5*a - 255. Let v be 2/1 - (-37)/(-1). Let z = v - a. What is the units digit of z?
4
Let l = -9 - -11. Suppose -80 = -l*i - 2*i. What is the units digit of (30/(-25))/((-6)/i)?
4
Suppose 3*g + 2*g = -3*q + 142, -28 = -g - q. Let k = -2 - -2. Suppose x - 3*b - 3 = 0, k*x - 5*b = 4*x - g. What is the units digit of x?
6
Let w(c) = 2*c**2 + 12*c + 6. Let p be (-210)/25 - 4/(-10). What is the tens digit of w(p)?
3
Suppose 3*a + 2*r = -0*r + 50, -55 = -4*a - 5*r. What is the units digit of a?
0
Let p(j) = 3*j**3 + 0 + 5*j - 5*j**2 - 4*j**3 + 4 + 3*j**2. What is the units digit of p(-4)?
6
Suppose n = 142 + 73. What is the tens digit of n?
1
Let d(s) = -4*s + 9. Let w(t) be the third derivative of -t**4/4 + 7*t**3/3 - t**2. Let g(x) = 8*d(x) - 5*w(x). What is the units digit of g(-2)?
6
Suppose -2*g - 2*g - 4 = 0. Let d = 10 - g. Suppose -6*j + d = -3*o - j, -5*o - 1 = -4*j. What is the units digit of o?
3
Let h(v) = v**3 + 7*v**2 + 3*v + 9. Let k be h(-6). Let w = k - -6. What is the units digit of w?
3
Suppose 0 = 4*i + 4*f - 2*f - 26, -i + 3*f = -17. Let w = i + -4. What is the units digit of w?
4
Let p = 23 - 35. Suppose 7*i = 2*i - 15. What is the units digit of i/p + (-3)/(-4)?
1
Suppose a - 3*s = 3*a - 1, -3*s - 1 = a. Let i be ((-1)/a*0)/(-2). Let c = i - -10. What is the tens digit of c?
1
Suppose 0 = 3*s - 2*s - 5. Let t = -2 + s. Suppose -3*f + 60 = 5*i - f, -t*f = -5*i + 35. What is the tens digit of i?
1
Suppose 4*l = 2*j + 5*l - 17, j + 4*l = -2. Suppose -5*i = -0*i - j. What is the units digit of i?
2
Suppose 0 = -5*l - 15*x + 16*x + 3, -4*x = -8. What is the units digit of l?
1
Let u be ((-4)/6)/((-3)/(-18)). What is the units digit of (-2)/2 - (-9 - u)?
4
Let z(t) = -t**2 + 3*t - 2. Let y be z(2). Let x = y - 4. Let h = -3 - x. What is the units digit of h?
1
Suppose 2*h + 2 + 0 = -4*m, 2*h + 2*m - 2 = 0. What is the units digit of h?
3
Let t = -7 + 12. Let p(d) = -3*d - d + t*d. What is the units digit of p(5)?
5
Suppose 0*g + 24 = 4*g + 3*s, -3*g + 29 = 5*s. Let z(x) = 2*x**2 + x - 3. What is the tens digit of z(g)?
1
Suppose 0*w = 4*w. Suppose y + 5*u = -w*u - 5, 4*y - 34 = -2*u. What is the units digit of y?
0
Let d(z) = z**3 - 5*z**2 + 8*z + 3*z - 3*z**2 - 6. Let g be d(7). Suppose -5*n - 5*x + 20 = 0, 2*x = 4*n + 3*x - g. What is the units digit of n?
6
Suppose 0 = 4*d - 3*t + 2*t - 191, 4*t + 188 = 4*d. Suppose 5*o - o - d = 0. What is the units digit of o?
2
Let y = 36 + -19. What is the tens digit of y?
1
Let y = 7 - -21. Suppose 5*q = 72 + y. What is the units digit of q?
0
Let h be (-6)/(-8) - 774/(-24). Let j = h - 7. What is the tens digit of j?
2
Let u(h) = h**2 - 11*h + 6. What is the tens digit of u(-7)?
3
Let z(u) = -19*u - 1. Suppose -c + 2*r = 3*c + 6, 4*c = -4*r. Let s be z(c). Suppose 0 = 3*f - 0 - s. What is the units digit of f?
6
Suppose 8 = 4*o - 8. Suppose -4*s + o = -36. What is the tens digit of s?
1
Let v(a) = 3 + 0*a**3 + a + 2*a**3 - a**3. Suppose 4*n - 3*p - 15 = -0, -2*p - 10 = 3*n. What is the units digit of v(n)?
3
Suppose 2*l - 72 = -2*l. What is the units digit of l?
8
Suppose -3*l - l = -120. What is the tens digit of l?
3
Let o = 4 - 6. Let t be (-3)/o*(-32)/12. Let g = t + 8. What is the units digit of g?
4
Suppose 6*l - 4*l + 1 = b, 4*l = 3*b - 7. Suppose -b*w + 2*u = -163, 2*w + 3*u - 23 = 27. What is the tens digit of w?
3
Suppose 0 = 3*h + h + 64. Suppose -4*s = -s - 90. Let m = s + h. What is the units digit of m?
4
Let j(g) be the second derivative of g**4/12 - 5*g**3/6 - 3*g**2 - 2*g. Let n be j(-4). Suppose 0 = -5*t + n + 5. What is the units digit of t?
7
Let f(m) = 7*m - 22. What is the units digit of f(7)?
7
Suppose 0 = -g + 4 + 96. Suppose 4*f + 28 = g. What is the units digit of f?
8
Suppose -5*x + 10 = 5*p, x - 5*p + 0*p - 26 = 0. Suppose 57 = 3*n - x. What is the tens digit of n?
2
Let c = 39 - 27. Let z = c - 17. Let r(j) = -j - 2. What is the units digit of r(z)?
3
Suppose 2*t - 3*t = 5. Let h(n) = n**3 + 5*n**2 + 6. Let c be h(t). Let a = c - 5. What is the units digit of a?
1
Let h(r) = 2*r + 3 - 8 - 2 + r**3 - 5*r**2. Let m be h(5). Suppose -12 = -3*n - 0*c + m*c, 3*c = -3*n. What is the units digit of n?
2
Suppose -f + 2 + 9 = 0. Let m(v) = -v**3 + 11*v**2 - v + 15. What is the units digit of m(f)?
4
Suppose 0 = -k - 1 + 13. What is the tens digit of k?
1
Suppose l + l = 0. Suppose x = n, -4*n - 4*x + 10 - 2 = l. What is the units digit of n?
1
Let m(q) = -q**3 + 7*q**2 - 5*q - 7. Let a be m(6). Let h = a - 3. What is the units digit of (-5 - -14) + h/(-2)?
1
Let f = 0 - 0. Let t be (f/2 + 0)/(-1). Suppose t + 1 = i. What is the units digit of i?
1
Let x = 17 + -33. Let u = x + 35. Suppose q + 2*v + u = 6*q, -3*q + 7 = v. What is the units digit of q?
3
Suppose 0 = -2*x - 8. What is the units digit of ((-2)/x)/((-1)/(-12))?
6
Suppose 5*w - 8 = 7. Suppose -34 - 29 = -w*h. Let l = h - 15. What is the units digit of l?
6
Suppose -2*a = z - 0*a - 28, -5*a = -15. What is the tens digit of z?
2
Let n be (-9)/6*8/(-6). Suppose 4*h - 130 = -2*r + 158, n*h - 4*r - 124 = 0. Suppose -5*w + h = -0. What is the units digit of w?
4
What is the units digit of (-18)/(-12)*4*12?
2
Suppose 9 = 4*q - 3. What is the units digit of 3/(9/(-3)) + q?
2
Let a(o) = o**3 + 8*o**2 - o - 4. Let d be a(-8). Suppose -d*s + x + 25 = -2*x, -3*s = x - 35. What is the units digit of s?
0
Suppose 0 = 4*y - 9*y - 5*k + 405, 3*y - 3*k - 273 = 0. What is the tens digit of y?
8
Suppose 159 = 4*s + 3*r, -5*s + 3*r + 177 = -s. Suppose 2 = -2*p + s. What is the tens digit of p?
2
Let t(p) = -p**2 + 5*p - 3. Let k be t(2). Let a be (2/6)/(2/6). Let j = k + a. What is the units digit of j?
4
Let v(f) = f**2 + f - 1. Let g = 16 - 22. What is the units digit of v(g)?
9
Suppose 34 = f - 0*f. What is the tens digit of f?
3
Let d = 4 - -2. Let y be d/(-4)*2 + 10. Suppose 2*n = 3*n - y. What is the units digit of n?
7
Let c be (3*-7)/(-6 - -5). Suppose 0*g + g = c. What is the units digit of g?
1
Suppose 0*j = -5*k - 3*j + 59, -2*k + 17 = -j. Let d = -9 + k. What is the units digit of d?
1
Let g = -8 + 142. What is the hundreds digit of g?
1
Let p(c) = c**3 - 5*c**2 + 7*c + 7. What is the tens digit of p(7)?
5
Let g be -2 - 0 - (3 - 5). Suppose g = 5*m + 4*s - 295, 4*s = -0*m + 5*m - 295. Suppose -5*r + m - 24 = 0. What is the units digit of r?
7
Let d = -4 - 2. Let a = d - -11. What is the units digit of a?
5
Let s(u) = -3*u + 1. Let w be s(-1). Let m = -4 + w. Suppose m*q - 4 = -q. What is the units digit of q?
4
Let h be (-14)/(-8)*(21 + 3). Suppose 14 - h = -v. What is the tens digit of v?
2
Suppose -81 - 315 = -4*a. What is the units digit of a?
9
Suppose -4 + 29 = 5*f. Suppose 59 = -f*j - 41. What is the units digit of ((-4)/(-8))/((-1)/j)?
0
Let d = 392 - 213. What is the tens digit of d?
7
Suppose -9*g = -4*g - 115. What is the tens digit of g?
2
Let n be 9/1*12/3. Suppose 0 = -5*f + 54 + n. What is the units digit of f?
8
Suppose -4*d + 184 = 5*l, 3*l + 267 = -2*d + 7*d. What is the units digit of d?
1
Let r(k) = -k + 6. What is the units digit of r(0)?
6
Suppose -220 - 332 = -8*s. What is the units digit of s?
9
Let s be 1 - (-1 - 0 - 0). Let o be 0 - -3 - (-2 + s). Suppose -3*r + 0*r + o = 0. What is the units digit of r?
1
What is the tens digit of -197*1*(5/(-5))/1?
9
Let q = -12 - -35. What is the tens digit of q?
2
Let f(v) = v**3 + 11*v**2 + 9*v - 7. Let n be f(-10). Suppose -2*m = n*c + 115 - 8, -239 = 5*m - 2*c. Let x = -34 - m. W